{"id":13753,"date":"2026-04-27T18:00:34","date_gmt":"2026-04-27T17:00:34","guid":{"rendered":"https:\/\/www.v-gaertner.at\/WP\/?post_type=gardening-tips&#038;p=13753"},"modified":"2026-04-27T08:59:17","modified_gmt":"2026-04-27T07:59:17","slug":"start-in-den-sommer-copy","status":"publish","type":"gardening-tips","link":"https:\/\/www.v-gaertner.at\/WP\/gardening-tips\/start-in-den-sommer-copy\/","title":{"rendered":"Garten soll Freude machen!"},"content":{"rendered":"<div class=\"wpb-content-wrapper\"><p>[vc_column][\/vc_column][vc_row][vc_column]\n\t\t\t<!-- START Garten soll Freude machen! REVOLUTION SLIDER 6.7.37 --><p class=\"rs-p-wp-fix\"><\/p>\n\t\t\t<rs-module-wrap id=\"rev_slider_184_1_wrapper\" class=\"gt-slider\" data-source=\"gallery\" style=\"visibility:hidden;background:transparent;padding:0;margin:0px auto;margin-top:0;margin-bottom:0;\">\n\t\t\t\t<rs-module id=\"rev_slider_184_1\" style=\"\" data-version=\"6.7.37\">\n\t\t\t\t\t<rs-slides style=\"overflow: hidden; position: absolute;\">\n\t\t\t\t\t\t<rs-slide style=\"position: absolute;\" data-key=\"rs-1215\" data-title=\"Slide\" data-anim=\"ms:600;\" data-in=\"o:0;\" data-out=\"a:false;\">\n\t\t\t\t\t\t\t<img decoding=\"async\" src=\"\/\/www.v-gaertner.at\/WP\/wp-content\/plugins\/revslider\/sr6\/assets\/assets\/dummy.png\" alt=\"\" title=\"GT_01.05.2026_3\" width=\"1062\" height=\"849\" class=\"rev-slidebg tp-rs-img rs-lazyload\" data-lazyload=\"\/\/www.v-gaertner.at\/WP\/wp-content\/uploads\/2026\/04\/A4_gemuese2026_bellbrothers1.jpg\" data-no-retina>\n<!---->\t\t\t\t\t<\/rs-slide>\n\t\t\t\t\t\t<rs-slide style=\"position: absolute;\" data-key=\"rs-1216\" data-title=\"Slide\" data-anim=\"ms:600;\" data-in=\"o:0;\" data-out=\"a:false;\">\n\t\t\t\t\t\t\t<img decoding=\"async\" src=\"\/\/www.v-gaertner.at\/WP\/wp-content\/plugins\/revslider\/sr6\/assets\/assets\/dummy.png\" alt=\"\" title=\"GT_01.05.2026_4\" width=\"1240\" height=\"992\" class=\"rev-slidebg tp-rs-img rs-lazyload\" data-lazyload=\"\/\/www.v-gaertner.at\/WP\/wp-content\/uploads\/2026\/04\/A4_gemuese2026_bellbrothers2.jpg\" data-no-retina>\n<!---->\t\t\t\t\t<\/rs-slide>\n\t\t\t\t\t<\/rs-slides>\n\t\t\t\t\t<rs-static-layers><!--\n\t\t\t\t\t--><\/rs-static-layers>\n\t\t\t\t<\/rs-module>\n\t\t\t\t<script>\n\t\t\t\t\tsetREVStartSize({c: 'rev_slider_184_1',rl:[1240,1240,1240,480],el:[400,400,400,720],gw:[500,500,500,450],gh:[400,400,400,380],type:'standard',justify:'',layout:'fullwidth',mh:\"0\"});if (window.RS_MODULES!==undefined && window.RS_MODULES.modules!==undefined && window.RS_MODULES.modules[\"revslider1841\"]!==undefined) {window.RS_MODULES.modules[\"revslider1841\"].once = false;window.revapi184 = undefined;if (window.RS_MODULES.checkMinimal!==undefined) window.RS_MODULES.checkMinimal()}\n\t\t\t\t<\/script>\n\t\t\t<\/rs-module-wrap>\n\t\t\t<!-- END REVOLUTION SLIDER -->\n[vc_column_text css=&#8220;&#8220;]<strong>Garten soll Freude machen!<\/strong><\/p>\n<p>Einen eigenen Garten zu haben, ist ein echter Luxus. Noch sch\u00f6ner wird es, wenn man darin sein eigenes Obst und Gem\u00fcse ernten und genie\u00dfen kann. Und im Sommer gibt es kaum etwas Herrlicheres, als vollreife Fr\u00fcchte direkt von der Pflanze zu naschen.<\/p>\n<p>Besonders beliebt sind dabei Beeren in all ihren Varianten. Dazu kommt das feine Snack-Gem\u00fcse der Vorarlberger G\u00e4rtner &amp; Floristen: kleinfruchtige Cherry- und Pflaumentomaten, die angenehm s\u00e4uerliche Andenbeere, aromatische H\u00e4ngeerdbeeren und nat\u00fcrlich die s\u00fc\u00dfen Snackpaprika. Diese sind besonders bei Kindern beliebt!<\/p>\n<p><strong>Glockiges Gem\u00fcse des Jahres<\/strong><\/p>\n<p>Ein Genuss der besonderen Art sind die <strong>Bell Brothers<\/strong>. Gelb und rot in einem Topf, dickfruchtig, saftig und nat\u00fcrlich herrlich s\u00fc\u00df! So lassen sich die glockigen Fruchtzwillinge kurz und knapp beschreiben.<\/p>\n<p>Die Bell Brothers sind f\u00fcr Garten und Balkon geeignet. Sie werden knapp einen Meter hoch und ben\u00f6tigen wegen der vielen Fr\u00fcchte eine St\u00fctze. Hochwertige Erde und eine gleichm\u00e4\u00dfige Wasserversorgung sind selbstverst\u00e4ndlich und regelm\u00e4\u00dfige Gaben von Bio-D\u00fcnger ist unabdingbar. Belohnt wirst du mit zahlreichen gelben und roten Fr\u00fcchten, die nicht nur Kindern schmecken.<\/p>\n<p>Nur eines sollte man beachten: Nicht alles, was klein ist, ist auch mild. Chilis k\u00f6nnen n\u00e4mlich ganz sch\u00f6n feurig sein \u2013 und sind eher etwas f\u00fcr Liebhaber intensiver Sch\u00e4rfe.<\/p>\n<p>Hole dir jetzt die milden <strong>Bell Brothers<\/strong> &#8211; das Gem\u00fcse des Jahres f\u00fcr deinen Garten!<\/p>\n<div style=\"color: #69af07; font-weight: bold;\">\u00a0 \u00a0 \u00a0 \u00a0 \u00a0 \u00a0 \u00a0 \u00a0 \u00a0 \u00a0 \u00a0 \u00a0 \u00a0 \u00a0 \u00a0 \u00a0 \u00a0 \u00a0 \u00a0 \u00a0 \u00a0 \u00a0 \u00a0 \u00a0 \u00a0 \u00a0 \u00a0 \u00a0 \u00a0 \u00a0 \u00a0 \u00a0 \u00a0 \u00a0 \u00a0 \u00a0 \u00a0 \u00a0 \u00a0 \u00a0 \u00a0 \u00a0 \u00a0 \u00a0 \u00a0 \u00a0 \u00a0 \u00a0 \u00a0 \u00a0 \u00a0 \u00a0Ihre Vorarlberger G\u00e4rtner &amp; Floristen &#8211; da bl\u00fcht Ihnen was!<\/div>\n<p>[\/vc_column_text][\/vc_column][\/vc_row]<\/p>\n<\/div>","protected":false},"excerpt":{"rendered":"<p>[vc_column][\/vc_column][vc_row][vc_column][vc_column_text css=&#8220;&#8220;]Garten soll Freude machen! Einen eigenen Garten zu haben, ist ein echter Luxus. Noch sch\u00f6ner wird es, wenn man darin sein eigenes Obst und Gem\u00fcse ernten und genie\u00dfen kann. Und im Sommer gibt es kaum etwas Herrlicheres, als vollreife Fr\u00fcchte direkt von der Pflanze zu naschen. Besonders beliebt sind dabei Beeren in all ihren [&hellip;]<\/p>\n","protected":false},"featured_media":13755,"template":"","class_list":["post-13753","gardening-tips","type-gardening-tips","status-publish","has-post-thumbnail","hentry"],"acf":[],"_links":{"self":[{"href":"https:\/\/www.v-gaertner.at\/WP\/wp-json\/wp\/v2\/gardening-tips\/13753","targetHints":{"allow":["GET"]}}],"collection":[{"href":"https:\/\/www.v-gaertner.at\/WP\/wp-json\/wp\/v2\/gardening-tips"}],"about":[{"href":"https:\/\/www.v-gaertner.at\/WP\/wp-json\/wp\/v2\/types\/gardening-tips"}],"wp:featuredmedia":[{"embeddable":true,"href":"https:\/\/www.v-gaertner.at\/WP\/wp-json\/wp\/v2\/media\/13755"}],"wp:attachment":[{"href":"https:\/\/www.v-gaertner.at\/WP\/wp-json\/wp\/v2\/media?parent=13753"}],"curies":[{"name":"wp","href":"https:\/\/api.w.org\/{rel}","templated":true}]}}

<div class="wpb-content-wrapper"><p>[vc_column][/vc_column][vc_row][vc_column]
			<!-- START Garten soll Freude machen! REVOLUTION SLIDER 6.7.37 --><p class="rs-p-wp-fix"></p>
			<rs-module-wrap id="rev_slider_184_1_wrapper" class="gt-slider" data-source="gallery" style="visibility:hidden;background:transparent;padding:0;margin:0px auto;margin-top:0;margin-bottom:0;">
				<rs-module id="rev_slider_184_1" style="" data-version="6.7.37">
					<rs-slides style="overflow: hidden; position: absolute;">
						<rs-slide style="position: absolute;" data-key="rs-1215" data-title="Slide" data-anim="ms:600;" data-in="o:0;" data-out="a:false;">
							<img decoding="async" src="//www.v-gaertner.at/WP/wp-content/plugins/revslider/sr6/assets/assets/dummy.png" alt="" title="GT_01.05.2026_3" width="1062" height="849" class="rev-slidebg tp-rs-img rs-lazyload" data-lazyload="//www.v-gaertner.at/WP/wp-content/uploads/2026/04/A4_gemuese2026_bellbrothers1.jpg" data-no-retina>
<!---->					</rs-slide>
						<rs-slide style="position: absolute;" data-key="rs-1216" data-title="Slide" data-anim="ms:600;" data-in="o:0;" data-out="a:false;">
							<img decoding="async" src="//www.v-gaertner.at/WP/wp-content/plugins/revslider/sr6/assets/assets/dummy.png" alt="" title="GT_01.05.2026_4" width="1240" height="992" class="rev-slidebg tp-rs-img rs-lazyload" data-lazyload="//www.v-gaertner.at/WP/wp-content/uploads/2026/04/A4_gemuese2026_bellbrothers2.jpg" data-no-retina>
<!---->					</rs-slide>
					</rs-slides>
					<rs-static-layers><!--
					--></rs-static-layers>
				</rs-module>
				<script>
					setREVStartSize({c: 'rev_slider_184_1',rl:[1240,1240,1240,480],el:[400,400,400,720],gw:[500,500,500,450],gh:[400,400,400,380],type:'standard',justify:'',layout:'fullwidth',mh:"0"});if (window.RS_MODULES!==undefined && window.RS_MODULES.modules!==undefined && window.RS_MODULES.modules["revslider1841"]!==undefined) {window.RS_MODULES.modules["revslider1841"].once = false;window.revapi184 = undefined;if (window.RS_MODULES.checkMinimal!==undefined) window.RS_MODULES.checkMinimal()}
				</script>
			</rs-module-wrap>
			<!-- END REVOLUTION SLIDER -->
[vc_column_text css=&#8220;&#8220;]<strong>Garten soll Freude machen!</strong></p>
<p>Einen eigenen Garten zu haben, ist ein echter Luxus. Noch schöner wird es, wenn man darin sein eigenes Obst und Gemüse ernten und genießen kann. Und im Sommer gibt es kaum etwas Herrlicheres, als vollreife Früchte direkt von der Pflanze zu naschen.</p>
<p>Besonders beliebt sind dabei Beeren in all ihren Varianten. Dazu kommt das feine Snack-Gemüse der Vorarlberger Gärtner &amp; Floristen: kleinfruchtige Cherry- und Pflaumentomaten, die angenehm säuerliche Andenbeere, aromatische Hängeerdbeeren und natürlich die süßen Snackpaprika. Diese sind besonders bei Kindern beliebt!</p>
<p><strong>Glockiges Gemüse des Jahres</strong></p>
<p>Ein Genuss der besonderen Art sind die <strong>Bell Brothers</strong>. Gelb und rot in einem Topf, dickfruchtig, saftig und natürlich herrlich süß! So lassen sich die glockigen Fruchtzwillinge kurz und knapp beschreiben.</p>
<p>Die Bell Brothers sind für Garten und Balkon geeignet. Sie werden knapp einen Meter hoch und benötigen wegen der vielen Früchte eine Stütze. Hochwertige Erde und eine gleichmäßige Wasserversorgung sind selbstverständlich und regelmäßige Gaben von Bio-Dünger ist unabdingbar. Belohnt wirst du mit zahlreichen gelben und roten Früchten, die nicht nur Kindern schmecken.</p>
<p>Nur eines sollte man beachten: Nicht alles, was klein ist, ist auch mild. Chilis können nämlich ganz schön feurig sein – und sind eher etwas für Liebhaber intensiver Schärfe.</p>
<p>Hole dir jetzt die milden <strong>Bell Brothers</strong> &#8211; das Gemüse des Jahres für deinen Garten!</p>
<div style="color: #69af07; font-weight: bold;">                                                                                                       Ihre Vorarlberger Gärtner &amp; Floristen &#8211; da blüht Ihnen was!</div>
<p>[/vc_column_text][/vc_column][/vc_row]</p>
</div>

<p>[vc_column][/vc_column][vc_row][vc_column][vc_column_text css=&#8220;&#8220;]Garten soll Freude machen! Einen eigenen Garten zu haben, ist ein echter Luxus. Noch schöner wird es, wenn man darin sein eigenes Obst und Gemüse ernten und genießen kann. Und im Sommer gibt es kaum etwas Herrlicheres, als vollreife Früchte direkt von der Pflanze zu naschen. Besonders beliebt sind dabei Beeren in all ihren [&hellip;]</p>
